0034?
False
Is 103032 a multiple of 54?
True
Does 5 divide 355075?
True
Is 4619880 a multiple of 246?
True
Is 96210 a multiple of 15?
True
Is 19 a factor of 2748331?
True
Does 14 divide 443274?
False
Is 237518 a multiple of 44?
False
Is 24 a factor of 21858000?
True
Is 68 a factor of 214069?
False
Is 5534208 a multiple of 192?
True
Does 164 divide 2931?
False
Is 293 a factor of 215062?
True
Is 69 a factor of 99843?
True
Is 133 a factor of 263074?
True
Is 376 a factor of 105414?
False
Is 17 a factor of 8393880?
False
Is 7 a factor of 592750?
False
Does 14 divide 178704?
False
Is 22 a factor of 866294?
True
Does 4 divide 670255?
False
Does 173 divide 224208?
True
Is 1437874 a multiple of 116?
False
Is 2757678 a multiple of 94?
True
Is 22729300 a multiple of 10?
True
Is 6 a factor of 19976?
False
Is 4 a factor of 73804?
True
Does 5 divide 1805300?
True
Is 12576294 a multiple of 9?
True
Is 1447 a factor of 1776916?
True
Does 196 divide 379652?
True
Is 103 a factor of 316313?
True
Is 24 a factor of 90915?
False
Is 4 a factor of 25330?
False
Does 145 divide 1398235?
True
Is 8 a factor of 455136?
True
Is 100696 a multiple of 328?
True
Is 1648265 a multiple of 355?
True
Is 20 a factor of 472482?
False
Is 22 a factor of 5196001?
False
Does 1323 divide 5325075?
True
Is 215 a factor of 376250?
True
Is 42 a factor of 7602122?
False
Is 10 a factor of 3933300?
True
Is 28 a factor of 5150796?
True
Is 796389 a multiple of 255?
False
Is 87868 a multiple of 22?
True
Is 65620 a multiple of 17?
True
Is 222105 a multiple of 221?
True
Is 74 a factor of 343988?
False
Is 217782 a multiple of 9?
True
Is 222876 a multiple of 41?
True
Is 88545 a multiple of 15?
True
Is 75055 a multiple of 48?
False
Is 501234 a multiple of 278?
True
Is 49711 a multiple of 2?
False
Does 31 divide 41699?
False
Is 12180800 a multiple of 16?
True
Does 57 divide 212952?
True
Is 52 a factor of 28080?
True
Is 5 a factor of 567227?
False
Is 342522 a multiple of 29?
False
Is 339606 a multiple of 114?
True
Is 9 a factor of 156915?
True
Is 200 a factor of 282800?
True
Is 122 a factor of 50257?
False
Is 108 a factor of 5695?
False
Is 2 a factor of 32211?
False
Is 5678155 a multiple of 29?
False
Does 12 divide 235661?
False
Is 4870803 a multiple of 18?
False
Is 78325 a multiple of 13?
True
Does 28 divide 31045?
False
Does 499 divide 3301883?
True
Does 3 divide 4820630?
False
Is 7282899 a multiple of 411?
False
Does 4 divide 168227?
False
Does 102 divide 74766?
True
Is 735 a factor of 2469685?
False
Is 103 a factor of 461303?
False
Does 13 divide 468364?
True
Does 399 divide 143991?
False
Is 112 a factor of 16829?
False
Is 30396 a multiple of 34?
True
Is 712563 a multiple of 449?
True
Is 571887 a multiple of 9?
True
Is 33 a factor of 4100594?
False
Is 28 a factor of 24500?
True
Is 407 a factor of 753637?
False
Is 127 a factor of 806964?
False
Is 6002370 a multiple of 15?
True
Is 103 a factor of 2186278?
True
Is 34 a factor of 74698?
True
Is 144 a factor of 91581?
False
Is 2763399 a multiple of 19?
False
Is 295036 a multiple of 232?
False
Is 4 a factor of 635996?
True
Does 8 divide 2446360?
True
Does 123 divide 192372?
True
Is 20230256 a multiple of 214?
False
Does 78 divide 2019654?
True
Is 2394192 a multiple of 24?
True
Does 25 divide 66658?
False
Does 173 divide 39985?
False
Is 600228 a multiple of 569?
False
Is 348650 a multiple of 10?
True
Is 475 a factor of 21627?
False
Is 15138287 a multiple of 1013?
False
Is 450 a factor of 2642634?
False
Does 19 divide 373255?
True
Is 120 a factor of 2744698?
False
Does 6 divide 360087?
False
Is 555343 a multiple of 9?
False
Is 3499541 a multiple of 192?
False
Is 20 a factor of 87630?
False
Is 89190 a multiple of 4?
False
Is 14 a factor of 244496?
True
Is 48 a factor of 1220682?
False
Is 62 a factor of 824496?
False
Is 2027690 a multiple of 14?
True
Is 17263261 a multiple of 12?
False
Is 665321 a multiple of 39?
False
Does 26 divide 217672?
True
Does 16 divide 94924?
False
Does 14 divide 1094849?
False
Is 3841548 a multiple of 339?
True
Is 21951522 a multiple of 1173?
True
Does 529 divide 3256273?
False
Is 5 a factor of 4567?
False
Is 38 a factor of 3343057?
False
Is 275778 a multiple of 396?
False
Is 167101 a multiple of 5?
False
Is 264332 a multiple of 4?
True
Does 31 divide 84847?
True
Does 52 divide 241696?
True
Is 118 a factor of 5833890?
False
Is 33 a factor of 201683?
False
Is 133 a factor of 8086001?
True
Is 252624 a multiple of 57?
True
Is 43 a factor of 19479712?
False
Is 207130 a multiple of 385?
True
Is 49 a factor of 92561?
True
Does 526 divide 473778?
False
Does 381 divide 4450366?
False
Does 14 divide 1861146?
True
Is 389847 a multiple of 24?
False
Does 42 divide 105769?
False
Is 17642163 a multiple of 1749?
True
Does 100 divide 74000?
True
Is 1613860 a multiple of 124?
True
Is 4176104 a multiple of 23?
False
Is 35 a factor of 4008130?
True
Does 24 divide 24818319?
False
Is 13479199 a multiple of 230?
False
Is 8 a factor of 609864?
True
Does 725 divide 76215?
False
Is 28 a factor of 394200?
False
Does 345 divide 86940?
True
Does 19 divide 3031329?
False
Does 4 divide 50760?
True
Is 581 a factor of 3056251?
False
Is 3 a factor of 99083?
False
Does 10 divide 7025320?
True
Is 1175512 a multiple of 26?
True
Is 14 a factor of 8750?
True
Is 16930350 a multiple of 270?
True
Is 10 a factor of 439400?
True
Is 2156 a multiple of 49?
True
Is 5375355 a multiple of 9?
False
Is 152 a factor of 12320968?
True
Does 334 divide 128331?
False
Is 11 a factor of 10579960?
False
Is 16 a factor of 179147?
False
Is 6340208 a multiple of 56?
True
Does 18 divide 285721?
False
Is 66 a factor of 1297076?
False
Is 58700 a multiple of 50?
True
Is 3 a factor of 77951?
False
Does 494 divide 9517375?
False
Is 244140 a multiple of 6?
True
Does 790 divide 8341610?
True
Is 9849 a multiple of 22?
False
Is 55 a factor of 50710?
True
Is 55 a factor of 322509?
False
Is 9 a factor of 459913?
False
Is 359544 a multiple of 83?
False
Is 467 a factor of 297012?
True
Does 53 divide 446255?
False
Is 312 a factor of 3717880?
False
Does 7 divide 902700?
False
Does 55 divide 228140?
True
Is 295 a factor of 878510?
True
Is 240426 a multiple of 666?
True
Does 29 divide 62491?
False
Is 6 a factor of 1433253?
False
Does 32 divide 1031074?
False
Does 6 divide 3425?
False
Is 265 a factor of 7208542?
False
Is 92 a factor of 219843?
False
Is 9312345 a multiple of 765?
True
Is 297135 a multiple of 71?
True
Does 1189 divide 1037183?
False
Is 437 a factor of 4540543?
False
Is 1234568 a multiple of 114?
False
Is 99086 a multiple of 26?
True
Is 16 a factor of 112768?
True
Is 2399157 a multiple of 169?
False
Does 104 divide 486408?
True
Does 12 divide 33948?
True
Does 308 divide 16596272?
True
Is 301728 a multiple of 6?
True
Is 21560 a multiple of 35?
True
Is 10 a factor of 453770?
True
Does 29 divide 22504?
True
Is 463185 a multiple of 138?
False
Does 4 divide 21416?
True
Does 71 divide 125631?
False
Does 50 divide 237076?
False
Does 73 divide 115003?
False
Does 170 divide 1567400?
True
Is 45 a factor of 118980?
True
Is 2735944 a multiple of 32?
False
Is 277 a factor of 552655?
False
Does 94 divide 1384620?
True
Is 3371197 a multiple of 37?
False
Does 5 divide 17744?
False
Does 882 divide 918558?
False
Is 9321714 a multiple of 1313?
False
Is 1861116 a multiple of 101?
False
Does 7 divide 20608?
True
Is 3738436 a multiple of 936?
False
Does 455 divide 13133386?
False
Is 713591 a multiple of 20?
False
Is 33 a factor of 249909?
True
Is 148 a factor of 12967760?
True
Is 6 a factor of 270925?
False
Does 54 divide 104473?
False
Is 25 a factor of 3274049?
False
Does 22 divide 1695060?
False
Does 11 divide 3366176?
True
Does 126 divide 254882?
False
Is 425790 a multiple of 135?
True
Is 57 a factor of 993567?
True
Is 102564 a multiple of 231?
True
Does 42 divide 4325664?
True
Does 1830 divide 15582450?
True
Is 18 a factor of 139258?
False
Does 22 divide 85608?
False
Is 341573 a multiple of 3?
False
Is 232 a factor of 6266088?
True
Is 7 a factor of 349146?
True
Is 10 a factor of 262120?
True
Does 79 divide 1032293?
True
Does 14 divide 154882?
True
Is 825552 a multiple of 351?
True
Is 586 a factor of 2516284?
True
Is 831438 a multiple of 68?
False
Does 357 divide 549765?
False
Is 697004 a multiple of 14?
True
Doe